digit of 428622?
2
What is the hundred thousands digit of 341250?
3
What is the hundreds digit of 527988?
9
What is the hundred thousands digit of 559953?
5
What is the millions digit of 1696796?
1
What is the units digit of 5366472?
2
What is the thousands digit of 17237083?
7
What is the ten thousands digit of 1298698?
9
What is the thousands digit of 22508080?
8
What is the tens digit of 141252?
5
What is the thousands digit of 419506?
9
What is the ten millions digit of 12023648?
1
What is the units digit of 475337?
7
What is the tens digit of 4583322?
2
What is the thousands digit of 262702?
2
What is the units digit of 120617?
7
What is the thousands digit of 535194?
5
What is the hundred thousands digit of 20679929?
6
What is the units digit of 586948?
8
What is the thousands digit of 9550776?
0
What is the thousands digit of 45024?
5
What is the units digit of 1344271?
1
What is the hundred thousands digit of 32526700?
5
What is the thousands digit of 22637424?
7
What is the ten thousands digit of 66492?
6
What is the hundreds digit of 504195?
1
What is the thousands digit of 2227255?
7
What is the ten thousands digit of 262381?
6
What is the hundred thousands digit of 106764?
1
What is the thousands digit of 444391?
4
What is the hundreds digit of 461639?
6
What is the thousands digit of 1047514?
7
What is the units digit of 842788?
8
What is the millions digit of 4909527?
4
What is the ten thousands digit of 1483360?
8
What is the hundred thousands digit of 393357?
3
What is the hundreds digit of 23573945?
9
What is the millions digit of 15179801?
5
What is the units digit of 328820?
0
What is the hundreds digit of 289080?
0
What is the tens digit of 457372?
7
What is the hundred thousands digit of 5211774?
2
What is the ten thousands digit of 1645687?
4
What is the hundreds digit of 183215?
2
What is the hundreds digit of 334118?
1
What is the hundred thousands digit of 2056068?
0
What is the units digit of 19347092?
2
What is the millions digit of 4172707?
4
What is the thousands digit of 4475002?
5
What is the hundreds digit of 20843053?
0
What is the millions digit of 1080955?
1
What is the ten thousands digit of 393051?
9
What is the ten thousands digit of 9235104?
3
What is the hundred thousands digit of 168342?
1
What is the hundred thousands digit of 4319937?
3
What is the units digit of 5155729?
9
What is the thousands digit of 757882?
7
What is the millions digit of 2720534?
2
What is the thousands digit of 477480?
7
What is the units digit of 3210332?
2
What is the hundreds digit of 270869?
8
What is the hundred thousands digit of 16120426?
1
What is the hundreds digit of 3235479?
4
What is the thousands digit of 386345?
6
What is the hundreds digit of 17106677?
6
What is the hundreds digit of 55525?
5
What is the hundred thousands digit of 454266?
4
What is the thousands digit of 3637453?
7
What is the tens digit of 3476919?
1
What is the units digit of 92091?
1
What is the thousands digit of 453554?
3
What is the tens digit of 4319309?
0
What is the hundreds digit of 330278?
2
What is the hundreds digit of 1825286?
2
What is the thousands digit of 410237?
0
What is the thousands digit of 126731?
6
What is the hundreds digit of 318338?
3
What is the hundreds digit of 566066?
0
What is the tens digit of 927269?
6
What is the ten thousands digit of 23066287?
6
What is the units digit of 692416?
6
What is the thousands digit of 1206682?
6
What is the hundreds digit of 852261?
2
What is the units digit of 503578?
8
What is the millions digit of 7585807?
7
What is the hundred thousands digit of 30990883?
9
What is the tens digit of 258942?
4
What is the ten thousands digit of 5915626?
1
What is the ten thousands digit of 342824?
4
What is the units digit of 110811?
1
What is the hundreds digit of 73332?
3
What is the ten thousands digit of 447450?
4
What is the thousands digit of 239917?
9
What is the ten thousands digit of 492061?
9
What is the ten thousands digit of 23726?
2
What is the hundreds digit of 301489?
4
What is the tens digit of 334056?
5
What is the hundreds digit of 1125099?
0
What is the ten thousands digit of 122867?
2
What is the ten millions digit of 10364539?
1
What is the hundreds digit of 1249578?
5
What is the thousands digit of 171066?
1
What is the ten millions digit of 21581741?
2
What is the hundred thousands digit of 1672054?
6
What is the ten thousands digit of 2576520?
7
What is the ten thousands digit of 347101?
4
What is the tens digit of 1687289?
8
What is the tens digit of 1226294?
9
What is the units digit of 90895?
5
What is the thousands digit of 5817?
5
What is the ten thousands digit of 87712?
8
What is the hundreds digit of 83632?
6
What is the thousands digit of 164961?
4
What is the hundred thousands digit of 38102171?
1
What is the tens digit of 989348?
4
What is the hundreds digit of 4921042?
0
What is the hundred thousands digit of 1291542?
2
What is the hundreds digit of 1030538?
5
What is the tens digit of 225292?
9
What is the ten millions digit of 15983547?
1
What is the hundreds digit of 2642059?
0
What is the hundred thousands digit of 5439231?
4
What is the thousands digit of 1056039?
6
What is the units digit of 346172?
2
What is the tens digit of 3287291?
9
What is the hundreds digit of 2316615?
6
What is the ten thousands digit of 510027?
1
What is the thousands digit of 931882?
1
What is the hundred thousands digit of 7208238?
2
What is the hundreds digit of 293693?
6
What is the millions digit of 2472070?
2
What is the hundred thousands digit of 538375?
5
What is the units digit of 2733668?
8
What is the thousands digit of 5229013?
9
What is the thousands digit of 371723?
1
What is the tens digit of 20975?
7
What is the units digit of 70994?
4
What is the units digit of 14821584?
4
What is the thousands digit of 8892302?
2
What is the millions digit of 5063259?
5
What is the units digit of 687311?
1
What is the tens digit of 3091246?
4
What is the tens digit of 12316014?
1
What is the ten thousands digit of 1682805?
8
What is the ten thousands digit of 70324?
7
What is the thousands digit of 119494?
9
What is the units digit of 319803?
3
What is the hundred thousands digit of 7968857?
9
What is the units digit of 1349198?
8
What is the tens digit of 4429682?
8
What is the hundred thousands digit of 438408?
4
What is the hundred thousands digit of 276725?
2
What is the ten thousands digit of 43112?
4
What is the thousands digit of 130846?
0
What is the ten millions digit of 22636018?
2
What is the hundreds digit of 173892?
8
What is the tens digit of 276968?
6
What is the tens digit of 49968?
6
What is the thousands digit of 7649049?
9
What is the ten thousands digit of 61156?
6
What is the thousands digit of 690140?
0
What is the ten thousands digit of 1753453?
5
What is the tens digit of 1554367?
6
What is the tens digit of 954173?
7
What is the hundreds digit of 18169757?
7
What is the hundred thousands digit of 3446980?
4
What is the hundred thousands digit of 3521653?
5
What is the ten thousands digit of 23350202?
5
What is the hundred thousands digit of 19831689?
8
What is the thousands digit of 1689301?
9
What is the millions digit of 25631086?
5
What is the thousands digit of 168365?
8
What is the hundred thousands digit of 1896167?
8
What is the ten thousands digit of 1636592?
3
What is the units digit of 5035128?
8
What is the thousands digit of 515623?
5
What is the ten thousands digit of 176093?
7
What is the hundred thousands digit of 694768?
6
What is the hundred thousands digit of 11835268?
8
What is the ten thousands digit of 87560?
8
What is the hundreds digit of 211698?
6
What is the thousands digit of 26512787?
2
What is the tens digit of 157674?
7
What is the tens digit of 39441?
4
What is the hundred thousands digit of 217589?
2
What is the tens digit of 853594?
9
What is the units digit of 1831727?
7
What is the units digit of 896886?
6
What is the hundred thousands digit of 1502805?
5
What is the hundred thousands digit of 1878498?
8
What is the hundreds digit of 337979?
9
What is the ten thousands digit of 53563?
5
What is the units digit of 101003?
3
What is the hundred thousands digit of 983551?
9
What is the hundreds digit of 873337?
3
What